What is the hundreds digit of 5123898?
8
What is the units digit of 6377924?
4
What is the units digit of 1728765?
5
What is the tens digit of 409259?
5
What is the millions digit of 3565708?
3
What is the tens digit of 5362885?
8
What is the hundreds digit of 10632503?
5
What is the units digit of 3705012?
2
What is the units digit of 13171369?
9
What is the thousands digit of 26051359?
1
What is the tens digit of 8829728?
2
What is the units digit of 1979420?
0
What is the ten thousands digit of 28439107?
3
What is the millions digit of 2922961?
2
What is the ten thousands digit of 257051?
5
What is the tens digit of 184438?
3
What is the thousands digit of 9919461?
9
What is the tens digit of 7084258?
5
What is the ten thousands digit of 20770541?
7
What is the ten thousands digit of 216499?
1
What is the thousands digit of 10898493?
8
What is the hundred thousands digit of 338402?
3
What is the thousands digit of 25670480?
0
What is the tens digit of 885561?
6
What is the units digit of 4009662?
2
What is the tens digit of 334975?
7
What is the millions digit of 7804308?
7
What is the tens digit of 6310102?
0
What is the thousands digit of 874695?
4
What is the thousands digit of 2985067?
5
What is the ten thousands digit of 78679?
7
What is the ten thousands digit of 420581?
2
What is the hundred thousands digit of 309211?
3
What is the tens digit of 52952?
5
What is the thousands digit of 18315831?
5
What is the tens digit of 173647?
4
What is the ten thousands digit of 12264?
1
What is the ten thousands digit of 7097791?
9
What is the hundred thousands digit of 569326?
5
What is the hundreds digit of 123183?
1
What is the hundred thousands digit of 3528392?
5
What is the ten thousands digit of 387630?
8
What is the hundred thousands digit of 586886?
5
What is the millions digit of 2444674?
2
What is the units digit of 11616?
6
What is the thousands digit of 3721798?
1
What is the thousands digit of 507267?
7
What is the hundreds digit of 12857325?
3
What is the hundreds digit of 22207?
2
What is the hundred thousands digit of 2643095?
6
What is the thousands digit of 512308?
2
What is the hundreds digit of 6321494?
4
What is the hundreds digit of 581539?
5
What is the millions digit of 12501705?
2
What is the thousands digit of 116092?
6
What is the ten thousands digit of 2742627?
4
What is the thousands digit of 429161?
9
What is the hundred thousands digit of 448304?
4
What is the hundreds digit of 19206807?
8
What is the tens digit of 259367?
6
What is the ten thousands digit of 62697?
6
What is the hundred thousands digit of 3037066?
0
What is the thousands digit of 3501612?
1
What is the hundreds digit of 1132718?
7
What is the units digit of 60931?
1
What is the tens digit of 2536821?
2
What is the hundred thousands digit of 40533701?
5
What is the hundreds digit of 14316873?
8
What is the thousands digit of 600809?
0
What is the hundred thousands digit of 17022207?
0
What is the ten thousands digit of 17770423?
7
What is the thousands digit of 184262?
4
What is the ten thousands digit of 350114?
5
What is the ten thousands digit of 477015?
7
What is the ten thousands digit of 309249?
0
What is the hundred thousands digit of 627121?
6
What is the thousands digit of 333778?
3
What is the tens digit of 5277034?
3
What is the hundred thousands digit of 1724182?
7
What is the tens digit of 163555?
5
What is the hundreds digit of 3363907?
9
What is the thousands digit of 19418894?
8
What is the ten thousands digit of 414964?
1
What is the millions digit of 12521016?
2
What is the thousands digit of 362250?
2
What is the thousands digit of 777245?
7
What is the tens digit of 5140672?
7
What is the millions digit of 4929408?
4
What is the tens digit of 934601?
0
What is the hundreds digit of 147305?
3
What is the ten thousands digit of 3802610?
0
What is the hundreds digit of 7103500?
5
What is the tens digit of 273556?
5
What is the units digit of 8883577?
7
What is the units digit of 1939543?
3
What is the units digit of 141514?
4
What is the hundreds digit of 293671?
6
What is the units digit of 8836446?
6
What is the hundred thousands digit of 215885?
2
What is the hundred thousands digit of 1962294?
9
What is the tens digit of 194720?
2
What is the tens digit of 805847?
4
What is the ten thousands digit of 1373966?
7
What is the hundred thousands digit of 3188564?
1
What is the millions digit of 1547585?
1
What is the units digit of 769197?
7
What is the millions digit of 7971851?
7
What is the hundreds digit of 11336265?
2
What is the millions digit of 13689621?
3
What is the thousands digit of 2905?
2
What is the ten thousands digit of 1497891?
9
What is the ten thousands digit of 5884970?
8
What is the hundred thousands digit of 559298?
5
What is the hundreds digit of 230585?
5
What is the hundreds digit of 2098157?
1
What is the units digit of 253862?
2
What is the hundreds digit of 148940?
9
What is the tens digit of 738609?
0
What is the ten thousands digit of 675627?
7
What is the thousands digit of 104600?
4
What is the hundreds digit of 3769254?
2
What is the thousands digit of 151147?
1
What is the millions digit of 2602003?
2
What is the hundred thousands digit of 702533?
7
What is the hundreds digit of 1579354?
3
What is the millions digit of 1803913?
1
What is the hundreds digit of 144102?
1
What is the tens digit of 11561058?
5
What is the units digit of 204291?
1
What is the ten thousands digit of 460000?
6
What is the thousands digit of 152115?
2
What is the hundred thousands digit of 28778311?
7
What is the hundred thousands digit of 3945557?
9
What is the hundreds digit of 1887601?
6
What is the millions digit of 20552456?
0
What is the tens digit of 38297?
9
What is the hundred thousands digit of 146853?
1
What is the hundreds digit of 150652?
6
What is the units digit of 3177?
7
What is the ten thousands digit of 134981?
3
What is the hundred thousands digit of 2796679?
7
What is the hundreds digit of 225428?
4
What is the thousands digit of 467702?
7
What is the units digit of 3573668?
8
What is the hundreds digit of 220849?
8
What is the units digit of 316242?
2
What is the ten thousands digit of 144813?
4
What is the hundred thousands digit of 1638560?
6
What is the hundreds digit of 212071?
0
What is the ten thousands digit of 1484330?
8
What is the ten thousands digit of 9767278?
6
What is the ten thousands digit of 3839260?
3
What is the hundred thousands digit of 4167382?
1
What is the units digit of 1349706?
6
What is the thousands digit of 266996?
6
What is the hundreds digit of 918481?
4
What is the tens digit of 4523?
2
What is the tens digit of 616?
1
What is the ten thousands digit of 110369?
1
What is the hundreds digit of 9119395?
3
What is the units digit of 499956?
6
What is the hundred thousands digit of 3278430?
2
What is the millions digit of 1494348?
1
What is the units digit of 18793062?
2
What is the hundreds digit of 10040970?
9
What is the tens digit of 960827?
2
What is the ten thousands digit of 1604293?
0
What is the ten thousands digit of 5232826?
3
What is the thousands digit of 10078254?
8
What is the hundreds digit of 4158962?
9
What is the units digit of 3107165?
5
What is the hundred thousands digit of 1051515?
0
What is the units digit of 17870466?
6
What is the tens digit of 250132?
3
What is the hundreds digit of 3457741?
7
What is the units digit of 18782651?
1
What is the hundreds digit of 22180145?
1
What is the hundred thousands digit of 496456?
4
What is the ten thousands digit of 398716?
9
What is the ten thousands digit of 2946095?
4
What is the millions digit of 15979195?
5
What is the hundreds digit of 581937?
9
What is the hundred thousands digit of 979969?
9
What is the millions digit of 2002645?
2
What is the units digit of 224505?
5
What is the millions digit of 1233816?
1
What is the ten thousands digit of 3056517?
5
What is the tens digit of 19374949?
4
What is the tens digit of 314058?
5
What is the hundred thousands digit of 1720546?
7
What is the ten thousands digit of 68823?
6
What is the hundreds digit of 945436?
4
What is the tens digit of 216401?
0
What is the tens digit of 1150631?
3
What is the thousands digit of 538218?
8
What is the ten thousands